{"id":114,"date":"2020-06-26T19:20:28","date_gmt":"2020-06-26T19:20:28","guid":{"rendered":"http:\/\/colegiofrancia.edu.mx\/?page_id=114"},"modified":"2023-03-01T09:34:42","modified_gmt":"2023-03-01T09:34:42","slug":"nosotros","status":"publish","type":"page","link":"https:\/\/colegiofrancia.edu.mx\/index.php\/nosotros\/","title":{"rendered":"Nosotros"},"content":{"rendered":"<h2>Quienes somos&#8230;<\/h2>\n<p>Una instituci\u00f3n educativa con m\u00e1s 25 a\u00f1os de experiencia en las \u00e1reas de preescolar y primaria, surge como respuesta a las necesidades de los padres de familia que buscan una educaci\u00f3n personalizada para sus hijos en la edad temprana de su formaci\u00f3n acad\u00e9mica.\u00a0<\/p>\n<p>                    <img decoding=\"async\" src=\"http:\/\/colegiofrancia.edu.mx\/wp-content\/uploads\/2020\/06\/Ninoscolegiofrancia.png\" alt=\"Ninoscolegiofrancia\"><\/p>\n<h2>Nuestra Filosof\u00eda<br \/>\n<\/h2>\n<p>En un mundo cambiante en donde la indiferencia y el materialismo es la moneda imperante, se hace prioritario, a trav\u00e9s de los principios de la educaci\u00f3n humanista, la formaci\u00f3n de hombres y mujeres conscientes de la importancia del respeto a s\u00ed mismos, a la sociedad y al medio ambiente.\u00a0<\/p>\n<p>Por lo anterior, el ideal que persigue la instituci\u00f3n como piedra angular de la formaci\u00f3n de sus educandos es, establecer una cadena de respeto y amor como los elementos principales que rijan el accionar en el Colegio Francia, utilizando los principios del pensamiento cient\u00edfico como medio para la transmisi\u00f3n y apropiaci\u00f3n de conocimientos.\u00a0<\/p>\n<p>\t\t\t\t\t\t\t\t\t\t<img decoding=\"async\" loading=\"lazy\" width=\"830\" height=\"329\" src=\"http:\/\/colegiofrancia.edu.mx\/wp-content\/uploads\/2020\/06\/Logo_ColegioFrancia-1024x406.png\" alt=\"\" srcset=\"http:\/\/colegiofrancia.edu.mx\/wp-content\/uploads\/2020\/06\/Logo_ColegioFrancia-1024x406.png 1024w, http:\/\/colegiofrancia.edu.mx\/wp-content\/uploads\/2020\/06\/Logo_ColegioFrancia-300x119.png 300w, http:\/\/colegiofrancia.edu.mx\/wp-content\/uploads\/2020\/06\/Logo_ColegioFrancia-768x304.png 768w, http:\/\/colegiofrancia.edu.mx\/wp-content\/uploads\/2020\/06\/Logo_ColegioFrancia-1536x609.png 1536w, http:\/\/colegiofrancia.edu.mx\/wp-content\/uploads\/2020\/06\/Logo_ColegioFrancia-2048x812.png 2048w, http:\/\/colegiofrancia.edu.mx\/wp-content\/uploads\/2020\/06\/Logo_ColegioFrancia-1920x761.png 1920w, http:\/\/colegiofrancia.edu.mx\/wp-content\/uploads\/2020\/06\/Logo_ColegioFrancia-850x337.png 850w\" sizes=\"(max-width: 830px) 100vw, 830px\" \/>\t\t\t\t\t\t\t\t\t\t\t<\/p>\n<h2>Valores<br \/>\n<\/h2>\n<p>        <a><br \/>\n                                                                    Respeto<br \/>\n                    <\/a><br \/>\n        <a><br \/>\n                                                                    Reflexi\u00f3n<br \/>\n                    <\/a><br \/>\n        <a><br \/>\n                                                                                                                                                                    Responsabilidad<br \/>\n                    <\/a><br \/>\n        <a><br \/>\n                                                                                                                                                                    Justicia<br \/>\n                    <\/a><br \/>\n        <a><br \/>\n                                                                                                                                                                    Compromiso Social<br \/>\n                    <\/a><br \/>\n\t\t\t\t\t\t\t\t\t\t<img decoding=\"async\" loading=\"lazy\" width=\"125\" height=\"300\" src=\"http:\/\/colegiofrancia.edu.mx\/wp-content\/uploads\/2020\/06\/maestracolegiofrancia-125x300.png\" alt=\"\" srcset=\"http:\/\/colegiofrancia.edu.mx\/wp-content\/uploads\/2020\/06\/maestracolegiofrancia-125x300.png 125w, http:\/\/colegiofrancia.edu.mx\/wp-content\/uploads\/2020\/06\/maestracolegiofrancia.png 330w\" sizes=\"(max-width: 125px) 100vw, 125px\" \/>\t\t\t\t\t\t\t\t\t\t\t<\/p>\n<h2>PEDAGOG\u00cdA IGNACIANA<\/h2>\n<p>Entendemos la pedagog\u00eda como el camino por el que los profesores acompa\u00f1an a los alumnos en su crecimiento y desarrollo, incluyendo una perspectiva del mundo y una visi\u00f3n de la persona humana ideal que se pretende formar\u00a0<\/p>\n<p>Aplicando el paradigma ignaciano a la relaci\u00f3n profesor &#8211; alumno de la educaci\u00f3n, la funci\u00f3n primordial del profesor es facilitar una relaci\u00f3n progresiva del alumno con la verdad, especialmente en las materias concretas que est\u00e1 estudiando. \u00c9l crear\u00e1 las condiciones, pondr\u00e1 <a href=\"https:\/\/laamcham.com\/testosterone-propionate-gains-spinach-and-its\/\" title=\"testosterone propionate gains spinach and its\" style=\"text-decoration:none;color:#333;\">testosterone propionate gains spinach and its<\/a> los fundamentos, proporcionar\u00e1 las oportunidades para que el alumno pueda llevar a cabo una continua interrelaci\u00f3n de <strong>EXPERIENCIA, REFLEXI\u00d3N Y ACCI\u00d3N.<\/strong><\/p>\n<h6>\u00a9 2020 Colegio Francia. Todos los Derechos Reservados.<\/h6>\n","protected":false},"excerpt":{"rendered":"<p>Quienes somos&#8230; Una instituci\u00f3n educativa con m\u00e1s 25 a\u00f1os de experiencia en las \u00e1reas de preescolar y primaria, surge como respuesta a las necesidades de los padres de familia que buscan una educaci\u00f3n personalizada para sus hijos en la edad temprana de su formaci\u00f3n acad\u00e9mica.\u00a0 Nuestra Filosof\u00eda En un mundo cambiante en donde la indiferencia [&hellip;]<\/p>\n","protected":false},"author":1,"featured_media":0,"parent":0,"menu_order":0,"comment_status":"closed","ping_status":"closed","template":"elementor_header_footer","meta":[],"_links":{"self":[{"href":"https:\/\/colegiofrancia.edu.mx\/index.php\/wp-json\/wp\/v2\/pages\/114"}],"collection":[{"href":"https:\/\/colegiofrancia.edu.mx\/index.php\/wp-json\/wp\/v2\/pages"}],"about":[{"href":"https:\/\/colegiofrancia.edu.mx\/index.php\/wp-json\/wp\/v2\/types\/page"}],"author":[{"embeddable":true,"href":"https:\/\/colegiofrancia.edu.mx\/index.php\/wp-json\/wp\/v2\/users\/1"}],"replies":[{"embeddable":true,"href":"https:\/\/colegiofrancia.edu.mx\/index.php\/wp-json\/wp\/v2\/comments?post=114"}],"version-history":[{"count":13,"href":"https:\/\/colegiofrancia.edu.mx\/index.php\/wp-json\/wp\/v2\/pages\/114\/revisions"}],"predecessor-version":[{"id":231,"href":"https:\/\/colegiofrancia.edu.mx\/index.php\/wp-json\/wp\/v2\/pages\/114\/revisions\/231"}],"wp:attachment":[{"href":"https:\/\/colegiofrancia.edu.mx\/index.php\/wp-json\/wp\/v2\/media?parent=114"}],"curies":[{"name":"wp","href":"https:\/\/api.w.org\/{rel}","templated":true}]}}

<h2>Quienes somos&#8230;</h2>
<p>Una institución educativa con más 25 años de experiencia en las áreas de preescolar y primaria, surge como respuesta a las necesidades de los padres de familia que buscan una educación personalizada para sus hijos en la edad temprana de su formación académica. </p>
<p>                    <img decoding="async" src="http://colegiofrancia.edu.mx/wp-content/uploads/2020/06/Ninoscolegiofrancia.png" alt="Ninoscolegiofrancia"></p>
<h2>Nuestra Filosofía<br />
</h2>
<p>En un mundo cambiante en donde la indiferencia y el materialismo es la moneda imperante, se hace prioritario, a través de los principios de la educación humanista, la formación de hombres y mujeres conscientes de la importancia del respeto a sí mismos, a la sociedad y al medio ambiente. </p>
<p>Por lo anterior, el ideal que persigue la institución como piedra angular de la formación de sus educandos es, establecer una cadena de respeto y amor como los elementos principales que rijan el accionar en el Colegio Francia, utilizando los principios del pensamiento científico como medio para la transmisión y apropiación de conocimientos. </p>
<p>										<img decoding="async" loading="lazy" width="830" height="329" src="http://colegiofrancia.edu.mx/wp-content/uploads/2020/06/Logo_ColegioFrancia-1024x406.png" alt="" srcset="http://colegiofrancia.edu.mx/wp-content/uploads/2020/06/Logo_ColegioFrancia-1024x406.png 1024w, http://colegiofrancia.edu.mx/wp-content/uploads/2020/06/Logo_ColegioFrancia-300x119.png 300w, http://colegiofrancia.edu.mx/wp-content/uploads/2020/06/Logo_ColegioFrancia-768x304.png 768w, http://colegiofrancia.edu.mx/wp-content/uploads/2020/06/Logo_ColegioFrancia-1536x609.png 1536w, http://colegiofrancia.edu.mx/wp-content/uploads/2020/06/Logo_ColegioFrancia-2048x812.png 2048w, http://colegiofrancia.edu.mx/wp-content/uploads/2020/06/Logo_ColegioFrancia-1920x761.png 1920w, http://colegiofrancia.edu.mx/wp-content/uploads/2020/06/Logo_ColegioFrancia-850x337.png 850w" sizes="(max-width: 830px) 100vw, 830px" />											</p>
<h2>Valores<br />
</h2>
<p>        <a><br />
                                                                    Respeto<br />
                    </a><br />
        <a><br />
                                                                    Reflexión<br />
                    </a><br />
        <a><br />
                                                                                                                                                                    Responsabilidad<br />
                    </a><br />
        <a><br />
                                                                                                                                                                    Justicia<br />
                    </a><br />
        <a><br />
                                                                                                                                                                    Compromiso Social<br />
                    </a><br />
										<img decoding="async" loading="lazy" width="125" height="300" src="http://colegiofrancia.edu.mx/wp-content/uploads/2020/06/maestracolegiofrancia-125x300.png" alt="" srcset="http://colegiofrancia.edu.mx/wp-content/uploads/2020/06/maestracolegiofrancia-125x300.png 125w, http://colegiofrancia.edu.mx/wp-content/uploads/2020/06/maestracolegiofrancia.png 330w" sizes="(max-width: 125px) 100vw, 125px" />											</p>
<h2>PEDAGOGÍA IGNACIANA</h2>
<p>Entendemos la pedagogía como el camino por el que los profesores acompañan a los alumnos en su crecimiento y desarrollo, incluyendo una perspectiva del mundo y una visión de la persona humana ideal que se pretende formar </p>
<p>Aplicando el paradigma ignaciano a la relación profesor &#8211; alumno de la educación, la función primordial del profesor es facilitar una relación progresiva del alumno con la verdad, especialmente en las materias concretas que está estudiando. Él creará las condiciones, pondrá <a href="https://laamcham.com/testosterone-propionate-gains-spinach-and-its/" title="testosterone propionate gains spinach and its" style="text-decoration:none;color:#333;">testosterone propionate gains spinach and its</a> los fundamentos, proporcionará las oportunidades para que el alumno pueda llevar a cabo una continua interrelación de <strong>EXPERIENCIA, REFLEXIÓN Y ACCIÓN.</strong></p>
<h6>© 2020 Colegio Francia. Todos los Derechos Reservados.</h6>

<p>Quienes somos&#8230; Una institución educativa con más 25 años de experiencia en las áreas de preescolar y primaria, surge como respuesta a las necesidades de los padres de familia que buscan una educación personalizada para sus hijos en la edad temprana de su formación académica.  Nuestra Filosofía En un mundo cambiante en donde la indiferencia [&hellip;]</p>
