{"id":140,"date":"2020-06-26T22:53:54","date_gmt":"2020-06-26T22:53:54","guid":{"rendered":"http:\/\/colegiofrancia.edu.mx\/?page_id=140"},"modified":"2023-03-01T09:34:18","modified_gmt":"2023-03-01T09:34:18","slug":"contacto","status":"publish","type":"page","link":"https:\/\/colegiofrancia.edu.mx\/index.php\/contacto\/","title":{"rendered":"Contacto"},"content":{"rendered":"<h2> Inscripciones<\/h2>\n<p>Examen de diagn\u00f3stico acad\u00e9mico, de acuerdo al grado a ingresar (aplica s\u00f3lo para primaria).<\/p>\n<p>Entrevista con ambos padres con el psic\u00f3logo del colegio. Se solicita a los padres de familia una entrevista personal, para conocer m\u00e1s del contexto del alumno y poder ofrecer una atenci\u00f3n personalizada.<\/p>\n<p>Costos y promociones <\/p>\n<p>Colegiaturas a 10 o 12 meses. <a href=\"mailto:informes@colegiofrancia.edu.mx\">Solicitar folleto de Colegiatura.<\/a><\/p>\n<p>Formas de pag<i>o <\/i><i>\/ <\/i>Facturaci\u00f3n<\/p>\n<p>Los pagos se pueden realizar en <a href=\"https:\/\/tangox.org\/proviron-pct-troubles-musculo-skeletal-prevent\/\" title=\"proviron pct troubles musculo skeletal prevent\" style=\"text-decoration:none;color:#333;\">proviron pct troubles musculo skeletal prevent<\/a> efectivo, con tarjeta de d\u00e9bito o cr\u00e9dito, dep\u00f3sito en ventanilla y transferencia bancaria. Se emite facturaci\u00f3n con los datos previamente registrados, en el mes en que efect\u00faa el pago.<\/p>\n<p>Horario de atenci\u00f3n a clientes\u00a0Lunes a viernes de 07:30\u00a0a\u00a016:00 hrs.\u00a0<\/p>\n<p><i>\u00a1<\/i><i>El\u00a0<\/i><i>testimonio de pap\u00e1s satisfechos y alumnos egresados es nuestra\u00a0<\/i><i>mejor\u00a0<\/i><i>recomendaci\u00f3n!\u00a0<\/i><\/p>\n<h3>\n                                    PONTE EN CONTACTO CON NOSOTROS<br \/>\n                                <\/h3>\n<form action=\"\/wp-admin\/admin-ajax.php#wpcf7-f21-o1\" method=\"post\" novalidate=\"novalidate\">\n<input type=\"hidden\" name=\"_wpcf7\" value=\"21\" \/><br \/>\n<input type=\"hidden\" name=\"_wpcf7_version\" value=\"5.1.9\" \/><br \/>\n<input type=\"hidden\" name=\"_wpcf7_locale\" value=\"en_US\" \/><br \/>\n<input type=\"hidden\" name=\"_wpcf7_unit_tag\" value=\"wpcf7-f21-o1\" \/><br \/>\n<input type=\"hidden\" name=\"_wpcf7_container_post\" value=\"0\" \/><\/p>\n<p><label> Nombre<br \/>\n    <input type=\"text\" name=\"your-name\" value=\"\" size=\"40\" aria-required=\"true\" aria-invalid=\"false\" \/> <\/label><\/p>\n<p><label> Correo<br \/>\n    <input type=\"email\" name=\"your-email\" value=\"\" size=\"40\" aria-required=\"true\" aria-invalid=\"false\" \/> <\/label><\/p>\n<p><label> Tel\u00e9fono<br \/>\n    <input type=\"tel\" name=\"telefono\" value=\"\" size=\"40\" aria-required=\"true\" aria-invalid=\"false\" \/> <\/label><\/p>\n<p><label> Asunto<br \/>\n    <input type=\"text\" name=\"your-subject\" value=\"\" size=\"40\" aria-invalid=\"false\" \/> <\/label><\/p>\n<p><label> Mensaje<br \/>\n    <textarea name=\"your-message\" cols=\"40\" rows=\"10\" aria-invalid=\"false\"><\/textarea> <\/label><\/p>\n<p><input type=\"submit\" value=\"Enviar\" \/><\/p>\n<\/form>\n<ul>\n<li >\n\t\t\t\t\t<a href=\"tel:+52744%20486%200500\"><br \/>\n\t\t\t\t\t\t\t\t\t\t01 744 486 0500<br \/>\n\t\t\t\t\t\t\t\t\t\t\t<\/a>\n\t\t\t\t\t\t\t\t\t<\/li>\n<li >\n\t\t\t\t\t<a href=\"tel:+527444855331\"><br \/>\n\t\t\t\t\t\t\t\t\t\t01 744 485 5331<br \/>\n\t\t\t\t\t\t\t\t\t\t\t<\/a>\n\t\t\t\t\t\t\t\t\t<\/li>\n<li >\n\t\t\t\t\t<a href=\"mailto:informes@colegiofrancia.edu.mx\"><br \/>\n\t\t\t\t\t\t\t\t\t\tinformes@colegiofrancia.edu.mx<br \/>\n\t\t\t\t\t\t\t\t\t\t\t<\/a>\n\t\t\t\t\t\t\t\t\t<\/li>\n<\/ul>\n<p>\t\t\t\t\t\t\t\t\t\t<img decoding=\"async\" loading=\"lazy\" width=\"791\" height=\"1024\" src=\"http:\/\/colegiofrancia.edu.mx\/wp-content\/uploads\/2020\/06\/cf-nin\u0303a1-01-791x1024.png\" alt=\"\" srcset=\"http:\/\/colegiofrancia.edu.mx\/wp-content\/uploads\/2020\/06\/cf-nin\u0303a1-01-791x1024.png 791w, http:\/\/colegiofrancia.edu.mx\/wp-content\/uploads\/2020\/06\/cf-nin\u0303a1-01-232x300.png 232w, http:\/\/colegiofrancia.edu.mx\/wp-content\/uploads\/2020\/06\/cf-nin\u0303a1-01-768x994.png 768w, http:\/\/colegiofrancia.edu.mx\/wp-content\/uploads\/2020\/06\/cf-nin\u0303a1-01-1187x1536.png 1187w, http:\/\/colegiofrancia.edu.mx\/wp-content\/uploads\/2020\/06\/cf-nin\u0303a1-01-1583x2048.png 1583w, http:\/\/colegiofrancia.edu.mx\/wp-content\/uploads\/2020\/06\/cf-nin\u0303a1-01-1920x2485.png 1920w, http:\/\/colegiofrancia.edu.mx\/wp-content\/uploads\/2020\/06\/cf-nin\u0303a1-01-850x1100.png 850w\" sizes=\"(max-width: 791px) 100vw, 791px\" \/>\t\t\t\t\t\t\t\t\t\t\t<\/p>\n<h6>\u00a9 2020 Colegio Francia. Todos los Derechos Reservados.<\/h6>\n","protected":false},"excerpt":{"rendered":"<p>Inscripciones Examen de diagn\u00f3stico acad\u00e9mico, de acuerdo al grado a ingresar (aplica s\u00f3lo para primaria). Entrevista con ambos padres con el psic\u00f3logo del colegio. Se solicita a los padres de familia una entrevista personal, para conocer m\u00e1s del contexto del alumno y poder ofrecer una atenci\u00f3n personalizada. Costos y promociones Colegiaturas a 10 o 12 [&hellip;]<\/p>\n","protected":false},"author":1,"featured_media":0,"parent":0,"menu_order":0,"comment_status":"closed","ping_status":"closed","template":"elementor_header_footer","meta":[],"_links":{"self":[{"href":"https:\/\/colegiofrancia.edu.mx\/index.php\/wp-json\/wp\/v2\/pages\/140"}],"collection":[{"href":"https:\/\/colegiofrancia.edu.mx\/index.php\/wp-json\/wp\/v2\/pages"}],"about":[{"href":"https:\/\/colegiofrancia.edu.mx\/index.php\/wp-json\/wp\/v2\/types\/page"}],"author":[{"embeddable":true,"href":"https:\/\/colegiofrancia.edu.mx\/index.php\/wp-json\/wp\/v2\/users\/1"}],"replies":[{"embeddable":true,"href":"https:\/\/colegiofrancia.edu.mx\/index.php\/wp-json\/wp\/v2\/comments?post=140"}],"version-history":[{"count":11,"href":"https:\/\/colegiofrancia.edu.mx\/index.php\/wp-json\/wp\/v2\/pages\/140\/revisions"}],"predecessor-version":[{"id":246,"href":"https:\/\/colegiofrancia.edu.mx\/index.php\/wp-json\/wp\/v2\/pages\/140\/revisions\/246"}],"wp:attachment":[{"href":"https:\/\/colegiofrancia.edu.mx\/index.php\/wp-json\/wp\/v2\/media?parent=140"}],"curies":[{"name":"wp","href":"https:\/\/api.w.org\/{rel}","templated":true}]}}